 2*u - 2*j, j + j = -u + 4. Suppose -u*l + 99 = -15. What is the tens digit of (l + -20)/((-1)/17)?
1
Suppose 33532 = 4*u + 4*b - 12604, u = 5*b + 11546. What is the hundreds digit of u?
5
Let x = 612 + -1519. Let g = -164 - x. What is the hundreds digit of g?
7
Suppose 3*l + 59154 = -4*k + 146444, -l = 5*k - 29082. What is the tens digit of l?
0
Suppose 114*r - 28*r - 183348 = 53*r. What is the thousands digit of r?
5
Let t be ((-5)/(-3))/(20/24). Let z be -3 - 12/(-4) - t. What is the units digit of (-12 - z - -4)*-7?
2
Let c = -696 - -409. Let f = c + 316. What is the units digit of f?
9
Let c(d) = d**3 - 21*d**2 + 67*d - 46. What is the hundreds digit of c(21)?
3
Suppose -5*h + 13*h = 88. Suppose h*c - 15822 = -7*c. What is the units digit of c?
9
Let p(a) = -a**3 + 4*a**2 + 3*a - 10. Let k be p(4). Let h(i) = -2*i**k + 7*i**3 - 8*i**3 - 7 + 0*i**2 + 3*i**3. What is the units digit of h(3)?
9
Let t = -81 - -137. Suppose 4*d + t = 6*d. Suppose -3*o = 2*u - d, -4*u - u + 70 = 3*o. What is the tens digit of u?
1
Let a be 4315/45 - 3/(-27). Let m be (1/2)/((-1)/(-102)). Let z = m + a. What is the units digit of z?
7
Let r = -500 + 504. What is the hundreds digit of r/(-32) - 13409/(-8)?
6
Let q = 68 + -10. Let l = 50 - q. What is the units digit of (-160)/12*54/l?
0
Suppose -m + 6*m = -5*s + 307645, 5*m = -3*s + 307657. What is the units digit of m?
5
Suppose 2*h - 1794 = -h + x, -4*h + 4*x = -2392. Let q = -308 + h. What is the hundreds digit of q?
2
Let a = -6 - -42. Suppose 0*j = 2*j + a. What is the tens digit of j/15*145/(-2)?
8
Suppose 0*z + 44 = 3*z - 2*w, 5*z - 90 = -5*w. Suppose 0 = 3*x - 4*y + 4, 3*x - 8*x + z = -y. What is the tens digit of ((-84)/(-9))/(x/42)?
9
Suppose 9*a - 10*a - o = -2, -5*o + 28 = -4*a. What is the hundreds digit of (32/12*a)/((-3)/522)?
9
Let o = 1962 + -56. What is the hundreds digit of o/4*(-7 - -1 - -8)?
9
Let u(g) = 26999*g**3 + 2*g**2 + 5*g - 8. What is the ten thousands digit of u(1)?
2
Let s = 2900 - -64876. What is the thousands digit of s?
7
Suppose -l = -8*l - l. Suppose -6*n + 3*y = -3*n - 741, 3*n - 5*y - 737 = l. What is the tens digit of n?
4
Let m be -4 - (20/60 + 26/3). Let o(d) = -2*d**2 + 21*d + 10. Let k be o(9). Let h = k - m. What is the units digit of h?
0
What is the ten thousands digit of ((-42714)/4)/((-267)/356)?
1
Suppose 603420 + 57309 = -435*j + 6233514. What is the tens digit of j?
1
Suppose -l + 7310 = -2*o, 3*l + 731*o = 726*o + 21930. What is the units digit of l?
0
Suppose p - 249 = -3*z - 842, 0 = 4*p + 20. Suppose -6*h = 147 + 195. Let m = h - z. What is the hundreds digit of m?
1
Suppose -1938 = 29*w - 24. Let o = w + 377. What is the hundreds digit of o?
3
Suppose 2673 = 15*r - 31332. What is the hundreds digit of r?
2
Suppose -4*v = 26*v - 638010. What is the units digit of v?
7
Let p = 7274 - -11173. What is the tens digit of p?
4
Suppose 2*a + 4*o = 18632, 4*a - 7*o + 10*o - 37244 = 0. What is the hundreds digit of a?
3
Suppose 78*r - 79*r + 1685 = 4*b, b = -5*r + 8387. Suppose 0 = 2*f - h - r, 1675 = -f + 3*f - 3*h. What is the hundreds digit of f?
8
Suppose 124 = r - 140. Let g = r - 120. Suppose 5*y = y - 3*l + 606, -3*l = -y + g. What is the units digit of y?
0
Let u be 60/12 - 30*-3. What is the tens digit of (-55)/(-5)*(u + 2)?
6
Let l be 20 + 1 + 1 + 2. Let n be ((-4)/6)/(-1 - (-22)/l). Suppose x - 49 = -5*q + n*q, 3*x + 4*q = 173. What is the tens digit of x?
5
Let l = -1752 + 3163. Suppose -b = t - l, 2*t + 7073 = 5*b + t. Suppose -6*d = -20*d + b. What is the tens digit of d?
0
Let s = -449 - 199. What is the tens digit of (-13)/(26/s) - -1?
2
Suppose 28*i + 20*i - 840168 = -8*i. What is the thousands digit of i?
5
Let n(o) = 19*o + 5. Let i be n(-11). Let a = i - -676. What is the tens digit of a?
7
Suppose -5*n + 16*s + 37947 = 20*s, -3*s - 7578 = -n. What is the units digit of n?
7
Let t(c) be the second derivative of -7*c**3/3 - 13*c**2/2 + 2*c. Suppose -3*j = -4*q - 5, 2*j + 16*q - 22*q = 20. What is the units digit of t(j)?
7
Let b(o) = 39*o + 15. Let a(y) = -120*y - 46. Let u(f) = 4*a(f) + 11*b(f). Let x(r) = -r**2 + r + 1. Let l be x(-2). What is the units digit of u(l)?
6
Suppose 1607 = 17*z + 213. What is the units digit of ((-123)/z)/(3/(-1636))?
8
Let n = -80 + 179. Let w = 539 - n. What is the tens digit of w?
4
Suppose 4*g = n - 1, 5*n - g - 5 = -2*g. Suppose -2*t - 2*t - 4 = 0. What is the tens digit of ((-304)/(n/2*2))/t?
0
Let q(x) = 300*x + 156. Let j be q(16). Suppose 41*l - j = 29*l. What is the tens digit of l?
1
Suppose 5*l - 4*k = 6*l - 12953, -3*l + 38923 = -4*k. What is the hundreds digit of l?
9
Let h = 16 + 5. Suppose -h - 29 = -2*d. Let q = 103 - d. What is the units digit of q?
8
Let t = 13598 + -5213. What is the units digit of t?
5
Let j = -18612 + 27805. What is the thousands digit of j?
9
What is the thousands digit of ((-19248)/(-14))/(226/9492)?
7
Let h(c) be the second derivative of 2*c**3/3 + 10*c**2 - 3*c - 44. Let d be 48/3 + 4/2. What is the units digit of h(d)?
2
Let r(d) = 201*d - 2110. What is the units digit of r(48)?
8
Suppose -100*m - 92*m = -11531136. What is the thousands digit of m?
0
Let g(l) = 3*l**3 - 32*l**2 + 93*l + 43. Let m(y) = -16*y**3 + 158*y**2 - 464*y - 213. Let v(s) = -11*g(s) - 2*m(s). What is the units digit of v(33)?
5
Let c = -3319 - -5937. What is the units digit of c?
8
Let x be -1*(-18)/3 - 2. Suppose -10*s = -x*s - 3576. What is the tens digit of s?
9
Suppose -2*j + 3*c + 1099 - 17 = 0, 8*c = 0. Let x = 0 + j. What is the tens digit of x?
4
Suppose -51*t + 24*t + 25*t = -101516. What is the ten thousands digit of t?
5
Let q(c) = -17 - 26*c + 5 - 2. Let u be q(-7). Suppose 0*p + u = 3*p. What is the tens digit of p?
5
Let h(l) = -65*l - 64. Let d(a) = -130*a - 129. Let w(t) = -4*d(t) + 9*h(t). What is the units digit of w(-6)?
0
Suppose 2*a = -3*h - 195, 325 = -2*h - 3*h - 2*a. Let z = 66 + h. Let s(l) = 27*l**3 + l**2 + l - 2. What is the tens digit of s(z)?
2
Suppose 6*g - 3*g = -5*x - 27, -g + 2*x - 9 = 0. Let q(h) = -2*h - 19. Let i be q(g). What is the units digit of i/(-4) - 741/(-12)?
2
Let q = 21774 + 11102. What is the hundreds digit of q?
8
Suppose -4*s = -2*w + 59024, -119*w + 5*s - 88470 = -122*w. What is the ten thousands digit of w?
2
Let u = -6135 + 9777. What is the tens digit of u?
4
Let x be (2/6)/(10 - 2636/264). Let u(p) = p**3 - 22*p**2 + 11*p + 20. What is the tens digit of u(x)?
6
Let k = -920 - -922. Suppose -d = 4*d. Suppose -i - 4*v + 96 = -d*i, -2*v - 242 = -k*i. What is the tens digit of i?
1
Let x be 4/28 + (-590)/(-35). Suppose 43 = 3*a - x. What is the units digit of a?
0
Let r(s) = 28*s**2 + 74*s - 308. What is the ten thousands digit of r(20)?
1
Let a = -2 - -4. Suppose 0 = -c - o + 8, 3*c - o + a = 26. What is the units digit of 14/56 + 294/c?
7
Let q = -57 - -81. Suppose 0 = q*d - 7835 - 781. What is the tens digit of d?
5
Suppose 2*v - 28 = -0*v. Let y(r) = -22*r - 69. Let x be y(-5). Let n = x - v. What is the units digit of n?
7
Let h = 11660 - 8050. What is the hundreds digit of h?
6
Let b = 28688 - 7884. What is the tens digit of b?
0
Let b = 111 - 171. What is the units digit of (13464/b)/((-4)/10)?
1
Suppose 1712 = -14*m + 6892. Suppose 214 = -6*s + m. What is the tens digit of s?
2
Suppose 813 = -3*n - 3*b, 5*b + 331 + 214 = -2*n. Let d = 1768 + n. What is the thousands digit of d?
1
Let n(v) = -2*v**2 + 72*v + 251. Let j be n(39). Suppose -56 - 1 = -3*r. Suppose 0 = -r*p + j*p + 22. What is the tens digit of p?
1
Let s(y) = 1473*y**2 - 53*y + 101. What is the tens digit of s(2)?
8
Let k(z) = 10*z - 30. Let c be k(8). Suppose -205*u = -204*u - c. What is the tens digit of u?
5
Suppose -4*r + 58 = -2*r. Let y = r - -663. What is the hundreds digit of y?
6
Suppose 14 + 5 = 3*u - 2*x, 0 = -5*u - 2*x + 53. Let p(b) = 2*b**3 - 8*b**2 - 12*b + 29. What is the units digit of p(u)?
1
Let w = 2091 - 1796. What is the units digit of w?
5
Let u(y) = 299*y - 542*y + 355*y + 15 - 8 + 12. What is the tens digit of u(3)?
5
Suppose 0 = -3*h - 3*k + 3348, 88*k - 3378 = -3*h + 90*k. What is the hundreds digit of h?
1
Let l(v) = 2*v**2 + 7*v + 1. Let b(m) = 3*m**2 + 7*m + 2. Suppose 2*r + 3 = 9. Let i(n) = r*b(n) - 4*l(n). What is the tens digit of i(8)?
1
Suppos